ainder when 15020182 is divided by 2120.
2102
Calculate the remainder when 1358916 is divided by 73.
21
Calculate the remainder when 872256 is divided by 1298.
0
Calculate the remainder when 1435282 is divided by 298.
114
Calculate the remainder when 784442 is divided by 517.
153
What is the remainder when 1842227738 is divided by 12881?
12880
Calculate the remainder when 288818 is divided by 2699.
25
What is the remainder when 27512302 is divided by 16?
14
What is the remainder when 286574 is divided by 40939?
1
What is the remainder when 7049 is divided by 6?
5
What is the remainder when 156387 is divided by 78155?
77
Calculate the remainder when 33044452 is divided by 23.
7
What is the remainder when 85078 is divided by 255?
163
Calculate the remainder when 189478 is divided by 36.
10
Calculate the remainder when 16687609 is divided by 117.
16
What is the remainder when 2207588 is divided by 2722?
46
Calculate the remainder when 198413 is divided by 49251.
1409
Calculate the remainder when 4807818 is divided by 1337.
1303
What is the remainder when 53890 is divided by 2771?
1241
Calculate the remainder when 113600599 is divided by 16164.
7
What is the remainder when 35881 is divided by 1613?
395
What is the remainder when 3241 is divided by 86?
59
Calculate the remainder when 933793 is divided by 1610.
1603
Calculate the remainder when 25388757 is divided by 1813478.
65
What is the remainder when 3102796 is divided by 446?
420
What is the remainder when 312943 is divided by 804?
187
Calculate the remainder when 12808845 is divided by 4269613.
6
What is the remainder when 745138 is divided by 20692?
226
What is the remainder when 559891 is divided by 3163?
40
Calculate the remainder when 1116507 is divided by 1520.
827
What is the remainder when 518117 is divided by 518108?
9
What is the remainder when 7194625 is divided by 128?
1
Calculate the remainder when 80164708 is divided by 122576.
4
What is the remainder when 125007089 is divided by 125007072?
17
Calculate the remainder when 22249779 is divided by 225.
204
Calculate the remainder when 14218 is divided by 1263.
325
What is the remainder when 59488 is divided by 7021?
3320
Calculate the remainder when 879056 is divided by 805.
801
Calculate the remainder when 9543081 is divided by 867546.
75
What is the remainder when 76743 is divided by 2495?
1893
Calculate the remainder when 40428290 is divided by 374336.
2
Calculate the remainder when 783893246 is divided by 71.
67
Calculate the remainder when 76708 is divided by 376.
4
Calculate the remainder when 28951285 is divided by 3002.
2999
Calculate the remainder when 4761940 is divided by 340138.
8
Calculate the remainder when 2864390 is divided by 126.
32
Calculate the remainder when 12091922 is divided by 22644.
26
Calculate the remainder when 36948339 is divided by 65.
64
Calculate the remainder when 53827 is divided by 1738.
1687
What is the remainder when 134708 is divided by 134508?
200
What is the remainder when 1006278 is divided by 14?
0
Calculate the remainder when 972226 is divided by 3827.
168
What is the remainder when 2700421 is divided by 46?
37
What is the remainder when 82353657 is divided by 34?
13
Calculate the remainder when 50240 is divided by 10701.
7436
Calculate the remainder when 53075780 is divided by 17691868.
176
Calculate the remainder when 3012081 is divided by 457.
451
What is the remainder when 860128 is divided by 45?
43
What is the remainder when 80812345 is divided by 21?
19
Calculate the remainder when 14249998 is divided by 6687.
1
What is the remainder when 22976359 is divided by 20?
19
What is the remainder when 27589093 is divided by 17?
14
What is the remainder when 3959701 is divided by 136541?
12
Calculate the remainder when 2448999 is divided by 859.
849
Calculate the remainder when 189716 is divided by 63204.
104
What is the remainder when 144493 is divided by 20577?
454
What is the remainder when 49106 is divided by 48995?
111
Calculate the remainder when 1938468 is divided by 242129.
1436
What is the remainder when 10738965 is divided by 994?
783
What is the remainder when 1188397 is divided by 1188262?
135
What is the remainder when 8679310 is divided by 1448?
1446
What is the remainder when 613925 is divided by 17050?
125
Calculate the remainder when 20351 is divided by 20324.
27
What is the remainder when 1084011192 is divided by 9645?
9642
Calculate the remainder when 700066 is divided by 2778.
10
Calculate the remainder when 238466 is divided by 47689.
21
What is the remainder when 40423732 is divided by 117?
115
Calculate the remainder when 4634232 is divided by 26035.
2
Calculate the remainder when 8924 is divided by 8504.
420
What is the remainder when 1514 is divided by 46?
42
Calculate the remainder when 113555205 is divided by 13.
10
What is the remainder when 5328170 is divided by 666021?
2
What is the remainder when 623405 is divided by 2389?
2265
What is the remainder when 86512 is divided by 12345?
97
Calculate the remainder when 2887502 is divided by 3454.
3412
Calculate the remainder when 4118533 is divided by 25423.
7
What is the remainder when 1914969 is divided by 76598?
19
Calculate the remainder when 2203058 is divided by 550751.
54
Calculate the remainder when 15991 is divided by 15903.
88
What is the remainder when 797650347 is divided by 42?
39
Calculate the remainder when 39013124 is divided by 12.
8
What is the remainder when 50764435 is divided by 5799?
5788
Calculate the remainder when 3005744 is divided by 41.
34
What is the remainder when 1049793 is divided by 12?
9
Calculate the remainder when 12723788 is divided by 3180924.
92
What is the remainder when 9667691 is divided by 3?
2
Calculate the remainder when 40879 is divided by 7778.
1989
What is the remainder when 560428 is divided by 1887?
1876
Calculate the remainder when 5994979 is divided by 146219.
0
What is the remainder when 684436 is divided by 3660?
16
Calculate the remainder when 844782 is divided by 105597.
6
What is the remainder when 1642920 is divided by 942?
72
Calculate the remainder when 3863205 is divided by 23.
10
Calculate the remainder when 87270 is divided by 8721.
60
Calculate the remainder when 300936 is divided by 36807.
6480
Calculate the remainder when 411416 is divided by 299.
291
What is the remainder when 4229892 is divided by 49?
16
What is the remainder when 1514446 is divided by 635?
606
What is the remainder when 1011777 is divided by 115?
7
What is the remainder when 36795736 is divided by 11?
10
Calculate the remainder when 590689 is divided by 148.
21
Calculate the remainder when 353405387 is divided by 65.
62
Calculate the remainder when 4697304 is divided by 7650.
204
Calculate the remainder when 3799439 is divided by 279.
17
What is the remainder when 5154704 is divided by 2954?
2928
Calculate the remainder when 2013022 is divided by 616.
550
Calculate the remainder when 436332610 is divided by 6.
4
What is the remainder when 32589 is divided by 2453?
700
Calculate the remainder when 37058 is divided by 242.
32
Calculate the remainder when 29471880 is divided by 38.
30
Calculate the remainder when 65971 is divided by 8243.
27
What is the remainder when 406879018 is divided by 4?
2
Calculate the remainder when 196728 is divided by 49161.
84
Calculate the remainder when 126265 is divided by 403.
126
What is the remainder when 201384 is divided by 196597?
4787
Calculate the remainder when 10941315 is divided by 2150.
2115
Calculate the remainder when 73722 is divided by 18276.
618
What is the remainder when 379084 is divided by 94769?
8
Calculate the remainder when 119361504 is divided by 17.
16
What is the remainder when 31526901 is divided by 5254482?
9
Calculate the remainder when 7098722 is divided by 249.
230
Calculate the remainder when 8154932 is divided by 338.
6
What is the remainder when 48041430 is divided by 381?
378
What is the remainder when 16078453 is divided by 111?
103
What is the remainder when 45376 is divided by 22111?
1154
What is the remainder when 31232918 is divided by 489?
488
What is the remainder when 673692 is divided by 1714?
90
Calculate the remainder when 325192487 is divided by 595.
592
Calculate the remainder when 182715 is divided by